der when 462 is divided by 38?
6
What is the remainder when 268 is divided by 45?
43
What is the remainder when 42605 is divided by 18?
17
What is the remainder when 2548 is divided by 22?
18
What is the remainder when 2854 is divided by 68?
66
Calculate the remainder when 2952 is divided by 58.
52
Calculate the remainder when 226 is divided by 47.
38
Calculate the remainder when 2396 is divided by 20.
16
Calculate the remainder when 94 is divided by 29.
7
Calculate the remainder when 313 is divided by 308.
5
What is the remainder when 305 is divided by 46?
29
Calculate the remainder when 627 is divided by 619.
8
What is the remainder when 259 is divided by 24?
19
What is the remainder when 411 is divided by 23?
20
What is the remainder when 4530 is divided by 17?
8
Calculate the remainder when 101 is divided by 35.
31
Calculate the remainder when 936 is divided by 325.
286
Calculate the remainder when 715 is divided by 38.
31
Calculate the remainder when 328 is divided by 10.
8
Calculate the remainder when 711 is divided by 6.
3
What is the remainder when 24282 is divided by 88?
82
What is the remainder when 544 is divided by 29?
22
Calculate the remainder when 751 is divided by 102.
37
What is the remainder when 15 is divided by 3?
0
What is the remainder when 4301 is divided by 26?
11
What is the remainder when 35567 is divided by 72?
71
What is the remainder when 12874 is divided by 87?
85
Calculate the remainder when 511 is divided by 205.
101
Calculate the remainder when 271 is divided by 41.
25
What is the remainder when 2177 is divided by 22?
21
What is the remainder when 651 is divided by 106?
15
What is the remainder when 146 is divided by 26?
16
Calculate the remainder when 211 is divided by 43.
39
What is the remainder when 929 is divided by 78?
71
Calculate the remainder when 402 is divided by 45.
42
What is the remainder when 48 is divided by 16?
0
What is the remainder when 1192 is divided by 23?
19
Calculate the remainder when 2696 is divided by 1345.
6
Calculate the remainder when 1094 is divided by 157.
152
Calculate the remainder when 26 is divided by 7.
5
Calculate the remainder when 132 is divided by 111.
21
Calculate the remainder when 528 is divided by 68.
52
What is the remainder when 226 is divided by 46?
42
Calculate the remainder when 837 is divided by 87.
54
What is the remainder when 414 is divided by 14?
8
What is the remainder when 73 is divided by 16?
9
Calculate the remainder when 273 is divided by 95.
83
Calculate the remainder when 68 is divided by 63.
5
Calculate the remainder when 253 is divided by 131.
122
Calculate the remainder when 97 is divided by 20.
17
Calculate the remainder when 189 is divided by 2.
1
Calculate the remainder when 139 is divided by 32.
11
Calculate the remainder when 3394 is divided by 63.
55
Calculate the remainder when 2830 is divided by 16.
14
Calculate the remainder when 25045 is divided by 14.
13
What is the remainder when 5212 is divided by 16?
12
What is the remainder when 1903 is divided by 335?
228
What is the remainder when 163 is divided by 35?
23
Calculate the remainder when 1423 is divided by 428.
139
Calculate the remainder when 2303 is divided by 131.
76
What is the remainder when 744 is divided by 22?
18
What is the remainder when 161 is divided by 41?
38
Calculate the remainder when 462 is divided by 93.
90
What is the remainder when 2411 is divided by 16?
11
What is the remainder when 4948 is divided by 49?
48
What is the remainder when 3312 is divided by 85?
82
What is the remainder when 763 is divided by 752?
11
Calculate the remainder when 29 is divided by 16.
13
Calculate the remainder when 243 is divided by 79.
6
Calculate the remainder when 642 is divided by 23.
21
What is the remainder when 577 is divided by 30?
7
What is the remainder when 72 is divided by 37?
35
What is the remainder when 70 is divided by 39?
31
What is the remainder when 6178 is divided by 12?
10
Calculate the remainder when 185 is divided by 59.
8
Calculate the remainder when 1239 is divided by 40.
39
What is the remainder when 558 is divided by 21?
12
Calculate the remainder when 2650 is divided by 222.
208
Calculate the remainder when 284 is divided by 84.
32
What is the remainder when 238 is divided by 15?
13
Calculate the remainder when 126 is divided by 8.
6
What is the remainder when 4167 is divided by 25?
17
Calculate the remainder when 45 is divided by 24.
21
Calculate the remainder when 315 is divided by 32.
27
Calculate the remainder when 156 is divided by 48.
12
Calculate the remainder when 2463 is divided by 44.
43
Calculate the remainder when 276 is divided by 68.
4
Calculate the remainder when 1196 is divided by 9.
8
What is the remainder when 94 is divided by 33?
28
What is the remainder when 257 is divided by 45?
32
What is the remainder when 3644 is divided by 9?
8
What is the remainder when 200 is divided by 77?
46
Calculate the remainder when 460 is divided by 94.
84
What is the remainder when 1103 is divided by 16?
15
What is the remainder when 200 is divided by 29?
26
Calculate the remainder when 2909 is divided by 94.
89
Calculate the remainder when 183 is divided by 39.
27
What is the remainder when 83 is divided by 64?
19
What is the remainder when 153 is divided by 81?
72
Calculate the remainder when 211 is divided by 54.
49
What is the remainder when 5641 is divided by 13?
12
Calculate the remainder when 305 is divided by 51.
50
What is the remainder when 4251 is divided by 9?
3
Calculate the remainder when 432 is divided by 73.
67
Calculate the remainder when 119 is divided by 60.
59
Calculate the remainder when 828 is divided by 83.
81
What is the remainder when 156 is divided by 19?
4
Calculate the remainder when 692 is divided by 178.
158
Calculate the remainder when 472 is divided by 162.
148
What is the remainder when 130 is divided by 119?
11
What is the remainder when 86 is divided by 22?
20
Calculate the remainder when 1082 is divided by 79.
55
Calculate the remainder when 280 is divided by 25.
5
What is the remainder when 1655 is divided by 154?
115
What is the remainder when 62 is divided by 36?
26
Calculate the remainder when 1031 is divided by 47.
44
Calculate the remainder when 438 is divided by 421.
17
Calculate the remainder when 168 is divided by 69.
30
What is the remainder when 177 is divided by 14?
9
Calculate the remainder when 1599 is divided by 322.
311
Calculate the remainder when 2697 is divided by 15.
12
What is the remainder when 367 is divided by 24?
7
What is the remainder when 278 is divided by 40?
38
What is the remainder when 48 is divided by 25?
23
Calculate the remainder when 359 is divided by 9.
8
What is the remainder when 1192 is divided by 242?
224
What is the remainder when 150 is divided by 8?
6
Calculate the remainder when 3937 is divided by 47.
36
What is the remainder when 31859 is divided by 20?
19
What is the remainder when 412 is divided by 7?
6
Calculate the remainder when 26 is divided by 17.
9
Calculate the remainder when 464 is divided by 75.
14
What is the remainder when 69 is divided by 25?
19
What is the remainder when 1368 is divided by 28?
24
Calculate the remainder when 1053 is divided by 518.
17
Calculate the remainder when 113 is divided by 20.
13
Calculate the remainder when 5895 is divided by 16.
7
What is the remainder when 4497 is divided by 12?
9
What is the remainder when 30 is divided by 17?
13
What is the remainder when 897 is divided by 308?
281
What is the remainder when 4551 is divided by 47?
39
What is the remainder when 1065 is divided by 329?
78
What is the remainder when 468 is divided by 113?
16
Calculate the remainder when 7 is divided by 4.
3
Calculate the remainder when 244 is divided by 49.
48
What is the remainder when 773 is divided by 31?
29
What is the remainder when 1509 is divided by 188?
5
What is the remainder when 117 is divided by 25?
17
What is the remainder when 496 is divided by 487?
9
Calculate the remainder when 389 is divided by 68.
49
What is the remainder when 1093 is divided by 545?
3
Calculate the remainder when 1036 is divided by 6.
4
Calculate the remainder when 712 is divided by 42.
40
Calculate the remainder when 29 is divided by 13.
3
What is the remainder